{"id":1413,"date":"2019-02-26T10:11:56","date_gmt":"2019-02-26T13:11:56","guid":{"rendered":"https:\/\/isfdcdtefontana-for.infd.edu.ar\/sitio\/?page_id=1413"},"modified":"2019-02-26T11:17:44","modified_gmt":"2019-02-26T14:17:44","slug":"lista-de-puntajes-2019","status":"publish","type":"page","link":"https:\/\/isfdcdtefontana-for.infd.edu.ar\/sitio\/junta-de-clasificacion\/lista-de-puntajes-2019\/","title":{"rendered":"Lista de Puntajes 2019"},"content":{"rendered":"<p style=\"text-align: center;\"><span style=\"font-family: verdana, geneva;\"><span style=\"font-size: 13.3333px;\"><strong>MINISTERIO DE CULTURA Y EDUCACI\u00d3N<br \/>\n<\/strong><\/span><\/span><span style=\"font-family: verdana, geneva;\"><span style=\"font-size: 13.3333px;\"><strong>SUBSECRETARIA DE EDUCACI\u00d3N<br \/>\nJunta de Clasificaci\u00f3n de Nivel Superior<\/strong><\/span><\/span><\/p>\n<p style=\"text-align: center;\"><span style=\"font-family: verdana, geneva;\"><span style=\"font-size: 13.3333px;\"><strong>\u00a0<\/strong><\/span><\/span><\/p>\n<p style=\"text-align: center;\"><span style=\"font-family: verdana, geneva; font-size: 10pt;\">\u00a0<\/span><\/p>\n<p style=\"text-align: center;\"><span style=\"font-family: verdana, geneva; font-size: 10pt;\"><strong>Integrantes<\/strong>:<\/span><\/p>\n<p style=\"padding-left: 30px; text-align: center;\"><span style=\"font-family: verdana, geneva;\"><span style=\"font-size: 13.3333px;\">Lic. Tito Orella (Presidente)<\/span><\/span><\/p>\n<p style=\"padding-left: 30px; text-align: center;\"><span style=\"font-family: verdana, geneva;\"><span style=\"font-size: 13.3333px;\">Lic. Alba Mor\u00e1n (Vocal)<\/span><\/span><\/p>\n<p style=\"padding-left: 30px; text-align: center;\"><span style=\"font-family: verdana, geneva;\"><span style=\"font-size: 13.3333px;\">Lic. Hugo C\u00e9sar Gamarra (Vocal)<\/span><\/span><\/p>\n<p style=\"text-align: center;\"><span style=\"font-family: verdana, geneva; font-size: 10pt;\">\u00a0<\/span><\/p>\n<p style=\"text-align: center;\"><span style=\"font-family: verdana, geneva; font-size: 10pt;\">Para descargar la Lista de Puntaje para cubrir cargos de interinatos y suplencias durante el CICLO LECTIVO 2019, hacer clic en:<\/span><\/p>\n<p style=\"text-align: center;\"><a href=\"https:\/\/drive.google.com\/open?id=1zAw3kQqLIqX9MwJ995Zb08C-M4K-DB29\"><strong><span style=\"font-family: verdana, geneva; font-size: 10pt;\">Lista de Puntaje ISFD Fontana y Anexo I Palo Santo<\/span><\/strong><\/a>\u00a0o<\/p>\n<p style=\"text-align: center;\"><strong><a href=\"https:\/\/drive.google.com\/open?id=1pxUrLwkMR24r6XsyqDXs5hRF5WP7my0M\">1-Lista de Cargos<\/a><\/strong><\/p>\n<p style=\"text-align: center;\"><strong><a href=\"https:\/\/isfdcdtefontana-for.infd.edu.ar\/sitio\/wp-content\/uploads\/2019\/02\/2-Agronom\u00eda-2019.pdf\">2-Agronom\u00eda 2019<\/a><\/strong><\/p>\n<p style=\"text-align: center;\"><strong><a href=\"https:\/\/isfdcdtefontana-for.infd.edu.ar\/sitio\/wp-content\/uploads\/2019\/02\/3-Cs-Educaci\u00f3n-2019.pdf\">3-Cs Educaci\u00f3n 2019<\/a><\/strong><\/p>\n<p style=\"text-align: center;\"><strong><a href=\"https:\/\/isfdcdtefontana-for.infd.edu.ar\/sitio\/wp-content\/uploads\/2019\/02\/4-PEP-2019.pdf\">4-PEP 2019<\/a><\/strong><\/p>\n<p style=\"text-align: center;\"><strong><a href=\"https:\/\/isfdcdtefontana-for.infd.edu.ar\/sitio\/wp-content\/uploads\/2019\/02\/5-PEI-2019-PS.pdf\">5-PEI 2019 PS<\/a><\/strong><\/p>\n<p style=\"text-align: center;\"><span style=\"font-family: verdana, geneva; font-size: 10pt;\"><a href=\"https:\/\/goo.gl\/forms\/mDxJcoZvsYqpyQmr1\" target=\"_NEW\">Para notificarse virtualmente hacer clic aqu\u00ed<\/a>\u00a0<\/span><\/p>\n<p style=\"text-align: center;\"><span style=\"font-family: verdana, geneva; font-size: 10pt;\">Para efectuar reclamos leer instructivo de la<br \/>\nJunta Clasificaci\u00f3n de Educaci\u00f3n Superior (JCES)<\/span><\/p>\n<p style=\"text-align: center;\"><strong><span style=\"font-family: verdana, geneva; font-size: 10pt;\">Nota M\u00faltipe N\u00b0 003\/2018 JCES<\/span><\/strong><\/p>\n<p style=\"text-align: center;\">Te invitamos a visitar el\u00a0<strong><a href=\"https:\/\/isfdcdtefontana-for.infd.edu.ar\/aula\/index.cgi?id_curso=147&amp;id_curso_ant=92\">Aula de la Junta de Clasificaci\u00f3n<\/a><\/strong>:<\/p>\n<p style=\"text-align: center;\">\u00a0Usuario:\u00a0<strong>invitado<\/strong><\/p>\n<p style=\"text-align: center;\">\u00a0Clave:\u00a0<strong>INVITADO2017<\/strong><\/p>\n<p style=\"text-align: center;\"><strong>O Podes ingresar con tu Usuario y Clave<\/strong><\/p>\n<p style=\"text-align: center;\">Usuario: DNI<\/p>\n<p style=\"text-align: center;\">Clave: Inicial de tu Apellido + DNI<\/p>\n<p style=\"text-align: center;\"><strong>Ejemplo<\/strong>: Ju\u00e1n Ram\u00f3n <strong>P\u00e9<\/strong>rez DNI N\u00b0 10343567 tiene que usar:<\/p>\n<p style=\"text-align: center;\">Usuario: <strong>10343567<\/strong><br \/>\nClave: <strong>P10343567<\/strong><\/p>\n<p style=\"text-align: center;\">(si logras ingresar, no olvides agregar tu correo electr\u00f3nico para recibir notificaciones de vacantes, cursos, nuevas convocatorias, etc)<\/p>\n<p style=\"text-align: center;\">\n","protected":false},"excerpt":{"rendered":"<p>MINISTERIO DE CULTURA Y EDUCACI\u00d3N SUBSECRETARIA DE EDUCACI\u00d3N Junta de Clasificaci\u00f3n de Nivel Superior \u00a0 \u00a0 Integrantes: Lic. Tito Orella (Presidente) Lic. Alba Mor\u00e1n (Vocal) Lic. Hugo C\u00e9sar Gamarra (Vocal) \u00a0 Para descargar la Lista de Puntaje para cubrir cargos de interinatos y suplencias durante el CICLO LECTIVO 2019, hacer clic en: Lista de Puntaje &#8230; <a title=\"Lista de Puntajes 2019\" class=\"read-more\" href=\"https:\/\/isfdcdtefontana-for.infd.edu.ar\/sitio\/junta-de-clasificacion\/lista-de-puntajes-2019\/\" aria-label=\"More on Lista de Puntajes 2019\">[+]<\/a><\/p>\n","protected":false},"author":2169,"featured_media":0,"parent":1051,"menu_order":1,"comment_status":"closed","ping_status":"closed","template":"","meta":[],"acf":[],"_links":{"self":[{"href":"https:\/\/isfdcdtefontana-for.infd.edu.ar\/sitio\/wp-json\/wp\/v2\/pages\/1413"}],"collection":[{"href":"https:\/\/isfdcdtefontana-for.infd.edu.ar\/sitio\/wp-json\/wp\/v2\/pages"}],"about":[{"href":"https:\/\/isfdcdtefontana-for.infd.edu.ar\/sitio\/wp-json\/wp\/v2\/types\/page"}],"author":[{"embeddable":true,"href":"https:\/\/isfdcdtefontana-for.infd.edu.ar\/sitio\/wp-json\/wp\/v2\/users\/2169"}],"replies":[{"embeddable":true,"href":"https:\/\/isfdcdtefontana-for.infd.edu.ar\/sitio\/wp-json\/wp\/v2\/comments?post=1413"}],"version-history":[{"count":6,"href":"https:\/\/isfdcdtefontana-for.infd.edu.ar\/sitio\/wp-json\/wp\/v2\/pages\/1413\/revisions"}],"predecessor-version":[{"id":1426,"href":"https:\/\/isfdcdtefontana-for.infd.edu.ar\/sitio\/wp-json\/wp\/v2\/pages\/1413\/revisions\/1426"}],"up":[{"embeddable":true,"href":"https:\/\/isfdcdtefontana-for.infd.edu.ar\/sitio\/wp-json\/wp\/v2\/pages\/1051"}],"wp:attachment":[{"href":"https:\/\/isfdcdtefontana-for.infd.edu.ar\/sitio\/wp-json\/wp\/v2\/media?parent=1413"}],"curies":[{"name":"wp","href":"https:\/\/api.w.org\/{rel}","templated":true}]}}